57*d**2 + 25*d - 10. List the prime factors of t(3).
2, 739
Let m(b) = -b**3 + 5*b**2 - 3*b + 4. Let x be m(4). Let r = -1 + x. Suppose 85 = 4*p - r*z + 2*z, -2*z - 62 = -3*p. What are the prime factors of p?
2, 5
Let c(h) = 10*h + 125. List the prime factors of c(-5).
3, 5
Let a(u) = -5*u**2 - u**3 - 2*u**2 + 3 - 5*u + 5. What are the prime factors of a(-7)?
43
List the prime factors of (-2816)/(-7) + (-2 - (-12)/7).
2, 3, 67
Let r = 21 + -17. Suppose -139 = -r*h + 157. What are the prime factors of h?
2, 37
Let u = -2935 - -4179. What are the prime factors of u?
2, 311
List the prime factors of -471*((-77)/(-21) - 7).
2, 5, 157
Let m = 127 - -84. What are the prime factors of m?
211
Suppose 16*c = 11*c + 6495. What are the prime factors of c?
3, 433
Let s = 1142 - 403. What are the prime factors of s?
739
Let j = 110 + 272. List the prime factors of j.
2, 191
Suppose -3*r + 1 = 1. Suppose -12*n + 64 - 4 = r. What are the prime factors of n?
5
Suppose 3*x - t = -x + 244, 5*x = -5*t + 280. Suppose 4*o = -o - x. Let v = o - -18. What are the prime factors of v?
2, 3
Suppose 874 = 2*w - 0*o - 2*o, 3*w = o + 1305. Suppose 5*g - 5*l = 560, -3*g - g + w = 3*l. What are the prime factors of g?
2, 5, 11
Let d(t) = 12*t**2 - 8*t + 5. Let c(h) = 8*h**2 - 5*h + 3. Let n(q) = -8*c(q) + 5*d(q). Let g be n(1). Let z = g - -46. List the prime factors of z.
43
Let y = 4754 + -3182. What are the prime factors of y?
2, 3, 131
Let d = -14 - -23. Let r(p) = -p + 13. Let n be r(d). Suppose h - 5*y - 51 = 0, -2*h + 84 = -0*h - n*y. List the prime factors of h.
2, 3
Suppose 5*s - 15 = 10. Let a(w) = 2*w**3 - 4*w**2 + 4*w - 13. List the prime factors of a(s).
157
Let y(j) = -j**2 + 6*j - 5. Let n be y(4). Let o(l) be the third derivative of l**4/12 - 2*l**3/3 - l**2. What are the prime factors of o(n)?
2
Let m = 73 - 56. Let h = 36 - m. List the prime factors of h.
19
Suppose -3*a + 312 = 2*d, d = -a - 0*a + 104. List the prime factors of a - 6*(-8)/12.
2, 3
List the prime factors of 99*(-3)/(-6)*18/1.
3, 11
Let l be (4 - 6)*-4 - -1. Suppose -4*v - 1 = -l. Let g(a) = 14*a - 5. List the prime factors of g(v).
23
Suppose 40471 = 43*p - 132260. What are the prime factors of p?
3, 13, 103
Suppose 0*z - 5*i = 3*z - 2752, 6 = 3*i. What are the prime factors of z?
2, 457
Suppose 5*y - 401 = 49. What are the prime factors of (-5)/(y/(-1976)) - 8/(-36)?
2, 5, 11
Let t = 11 + -17. Let q(z) = -3*z - 2. Let v be q(t). Let f = v + 0. List the prime factors of f.
2
Let g(s) = -4*s - 21. Let h = 10 + -24. List the prime factors of g(h).
5, 7
Suppose -5*c - 20 = 0, 4*c - 720 = -2*d + 776. List the prime factors of d.
2, 3, 7
Suppose 0 = -5*u - 0*u - 305. Let n = u - -155. List the prime factors of n.
2, 47
Let l(u) be the first derivative of u**4/4 - 4*u**3 + u**2 - 7*u + 2. Let r(d) = -d**2 + 12*d - 8. Let v be r(10). List the prime factors of l(v).
17
Suppose -2178 = -2337*j + 2331*j. List the prime factors of j.
3, 11
Suppose -12*z + 18*z = 270. Suppose z*i - 350 = 43*i. List the prime factors of i.
5, 7
Let u(k) be the second derivative of -4*k - 3/2*k**2 - 1/4*k**4 - 1/2*k**3 + 0 - 1/20*k**5. What are the prime factors of u(-3)?
2, 3
Suppose 0 = -a + 2*i - 4, i + 10 = 3*a + 6*i. Let l be 2/20*-4*-60. Suppose a = y + 2*y - l. List the prime factors of y.
2
Suppose 1 - 31 = r. Let b = 36 + -51. Let n = b - r. What are the prime factors of n?
3, 5
Let o = 4 - 1. Let a be 10*2/12*o. List the prime factors of 13 + a + 2/2.
19
Let v be -3*4*(-6)/4. Let f = v - 13. Suppose 28 = f*u - 107. What are the prime factors of u?
3
Let t = 42 - 48. What are the prime factors of -4 + (t - -4) + 19?
13
Suppose 0 = z, j = -z + 2*z + 6. Let t(w) = w**2 - 4*w - 11. Let o be t(j). What are the prime factors of (3*(-46)/(-6))/o?
23
Let n(h) = h**2 + 2*h - 13. Let p be -10 + -6*1/(-3). What are the prime factors of n(p)?
5, 7
Suppose 460 = 2*j + 2*j. Suppose a + 3*h = -2*h - 4, 0 = -5*a + 2*h + j. What are the prime factors of a?
3, 7
Let z = 165 + 36. Suppose -2*g + 5*g - z = 0. List the prime factors of g.
67
Let c be (-20)/(-6)*(-54)/(-45). Suppose 128 = c*g + l + 3*l, -5*g + 142 = -l. List the prime factors of g.
29
Let s(k) = k**3 - 2*k**2 - 13*k + 7. Let d be s(5). List the prime factors of 62 - -1 - (d - 18).
2
Suppose 3*q = 9 - 0. Suppose -5*g - 2*w + 129 = 0, w - 6*w - 96 = -q*g. List the prime factors of g.
3
Let n = -11 + 14. Suppose -n*m = -6*m + 186. What are the prime factors of m?
2, 31
Suppose 2*c = 3*c - 6. Let m be 10*(9/c + 1). What are the prime factors of ((-17)/5)/((-5)/m)?
17
Suppose 0 = -5*c - 30 + 55. Suppose 4*l + 75 = c*l. List the prime factors of l.
3, 5
Let z = -80 - -85. Suppose -z*f - 5*p + 750 = 0, 2*f - 5*p - 338 + 38 = 0. What are the prime factors of f?
2, 3, 5
Suppose -1687 - 109 = -4*m. Suppose m = 4*n + 37. List the prime factors of n.
103
Let b(w) = -w**3 + 8*w**2 + 13. Let i be b(9). Let h = i + 167. What are the prime factors of h?
3, 11
Let y(o) = 2*o**2 - 5*o + 2. Suppose 5*t + 2*g = 17, 0 = 8*t - 4*t + g - 13. Let x be y(t). Suppose 0 = x*m - 7*m + 36. What are the prime factors of m?
2, 3
Let c = 39 + 25. Let o = -27 + c. List the prime factors of o.
37
Let a(r) = 726*r**3 - 3*r**2 + 2*r. List the prime factors of a(1).
5, 29
Suppose 3*s + 1373 = 2*i, -316 + 1707 = 2*i + 3*s. List the prime factors of i.
691
Suppose -2 = -x, h - 3604 = -17*x + 21*x. What are the prime factors of h?
2, 3, 7, 43
Suppose 0 = -3*k + 4*k - 15. Let d be 3 + -5 + -2 + k. Let h(x) = x + 6. What are the prime factors of h(d)?
17
Suppose -4 = 3*u - 5*u - 2*w, -u - 4 = -w. Let a(l) = 3*l. Let d be a(u). List the prime factors of ((-96)/(-18))/((-2)/d).
2
Suppose 4*t + 222 - 730 = -4*i, -3*t = i - 119. List the prime factors of i.
131
Let t(n) = n**3 + 9*n**2 - 10*n + 18. Let q be t(-10). Let m(o) = 0*o + 1 + 1 + 8*o + q + o**2. List the prime factors of m(-8).
2, 5
Suppose -7*d + 59 = 164. Let w(z) = -z**2 + 1. Let k be w(2). What are the prime factors of (-10)/d - 76/k?
2, 13
Suppose 3*q + 5*m - 12742 = 0, -64*m + 4242 = q - 61*m. List the prime factors of q.
2, 3, 709
Let t = 1871 - 1067. List the prime factors of t.
2, 3, 67
Suppose 2*p - s - 74 = 4*s, -4*p + 4*s + 124 = 0. Suppose 0 = 2*z + p - 203. Let t = -53 + z. List the prime factors of t.
5, 7
What are the prime factors of ((-30)/4)/(-15)*652?
2, 163
Let m(d) = d**2 + 3*d - 14. Let h be m(-6). Let w(a) = 19*a - 2. List the prime factors of w(h).
2, 37
What are the prime factors of 12163/7 + (-13)/(182/(-6))?
2, 11, 79
Suppose -7*d + 36 = -3*d. Suppose 394 = d*i - 506. List the prime factors of i.
2, 5
Let a be 13/(-3) - (-3)/9. What are the prime factors of (a/3)/((-3)/45)?
2, 5
Let v = 71 + -66. Suppose -2*w + 225 = 3*a - 60, 0 = -v*w - 15. What are the prime factors of a?
97
Let f be 2 + (-1275)/21 - 12/42. Let l = f + 182. List the prime factors of l.
3, 41
Let x be 1 + 1 + 2*1. Suppose -2*v = -p - 8, -p + 4*v = -4*p + 16. Suppose -x*c + 9 = m - 0*m, p = 3*c + 3. What are the prime factors of m?
13
What are the prime factors of 17 + -9 + 795 + 2?
5, 7, 23
Suppose 0*w = -5*w + 460. List the prime factors of w.
2, 23
Let l be 1 + 0 + (-4)/(-2). Suppose -l*r = r. Suppose -3*n - n + 112 = r. What are the prime factors of n?
2, 7
Let n be ((-195)/(-5) + 0)*-1. Let u = -70 - n. Let k = u + 91. What are the prime factors of k?
2, 3, 5
List the prime factors of -6*(-7133)/14 + 6.
3, 1021
Suppose -9*f + 19 = 1. Suppose 4*x - 358 = f*w, 2*w = -5*x + w + 444. What are the prime factors of x?
89
Suppose 186 = b - 134. Suppose -5*s = -g + 70, -3*g - 5*s = 2*g - b. Suppose -5*h + g = -130. What are the prime factors of h?
3, 13
Suppose 921 = 4*u - 1619. Suppose 3*x + 2*x - 3*c = u, 0 = 4*x + 2*c - 530. What are the prime factors of x?
2, 5, 13
Let a(j) = j**3 + 4*j**2 - 3*j - 6. Let g be a(-4). Let o be 5*g*(-4)/(-10). Let r = -5 + o. List the prime factors of r.
7
Suppose -o - 3*q = -75, -22*q + 18*q + 4 = 0. What are the prime factors of o?
2, 3
Let t(j) = 4*j**2 - 5*j - 8. List the prime factors of t(6).
2, 53
Let v(f) = 92*f - 3. Suppose -4*o + 16 = 2*p, -2*p - p - 3*o = -15. What are the prime factors of v(p)?
181
List the prime factors of (4/(-8))/(1/(-956)).
2, 239
Let c be 44/10 - 10/25. Suppose -10*i + c*i = -324. List 